et i(b) = -5*b**3 + 94*b**2 + 625*b + 8. What is i(24)?
32
Let q(o) = -2*o**3 - 48*o**2 + 44*o - 166. What is q(-25)?
-16
Let a(q) = 7*q - 313. Determine a(34).
-75
Let s(x) = x**2 - 34*x - 835. What is s(-16)?
-35
Let q(v) = -8*v**2 - 208*v - 275. Give q(-23).
277
Let w(i) = 2*i**2 + 191*i + 1503. Calculate w(-87).
24
Let d(q) = q**3 - 32*q**2 - 71*q - 60. What is d(34)?
-162
Let h(g) = g**3 - 46*g**2 - 148*g + 8. What is h(49)?
-41
Let s(m) = -4*m**2 + 113*m - 40. What is s(28)?
-12
Let i(h) = h**3 + 10*h**2 - 7*h + 13. What is i(-10)?
83
Let v(a) = -3*a**3 + 11*a**2 - 10*a + 19. Calculate v(4).
-37
Let o(z) = 138*z - 559. Determine o(4).
-7
Let x(v) = 2*v**3 - 24*v**2 - 20*v - 517. Give x(14).
-13
Let f(w) = -6*w**2 - 250*w - 680. Determine f(-39).
-56
Let k(c) = -c**3 + 53*c**2 + 114*c - 213. Calculate k(55).
7
Let r(j) = -j**2 - 1580*j - 40423. Determine r(-26).
-19
Let s(c) = -2*c**3 + 8*c**2 - 6*c + 3. What is s(4)?
-21
Let l(h) = 2*h**2 + 57*h + 74. What is l(0)?
74
Let n(y) = y**3 + 10*y**2 - 40*y - 391. Give n(-7).
36
Let q(m) = 23*m**2 + 33*m + 39. What is q(-2)?
65
Let b(g) = -g**2 - 28*g - 459. Give b(0).
-459
Let i(c) = 4*c**2 + 6*c - 58. Determine i(5).
72
Let i(w) = 61*w - 131. What is i(-2)?
-253
Let i(k) = -5*k + 50. Calculate i(17).
-35
Let g(d) = -46*d + 58. Determine g(9).
-356
Let a(t) = 259*t - 2837. What is a(11)?
12
Let n(a) = 76*a + 31. Calculate n(-1).
-45
Let x(d) = -37*d + 1242. Give x(34).
-16
Let r(v) = -248*v + 1172. Determine r(5).
-68
Let c(v) = -2*v**2 - 4*v - 23. Determine c(-7).
-93
Let d(p) = p**3 + 221*p**2 + 3095*p + 1001. Give d(-206).
-29
Let c(w) = -473*w - 3598. Calculate c(-8).
186
Let d(o) = 3*o**2 - 105*o + 415. Calculate d(4).
43
Let p(j) = 417*j**3 - 11*j**2 - 5*j - 2. What is p(-1)?
-425
Let y(w) = -19*w - 1388. Determine y(-93).
379
Let g(b) = 256*b + 1537. Give g(-6).
1
Let m(i) = -35*i + 3031. What is m(91)?
-154
Let h(j) = -j**2 - 86*j - 1371. Determine h(-65).
-6
Let x(p) = p**2 + 204*p - 277. What is x(0)?
-277
Let g(z) = 1599*z + 271824. Calculate g(-170).
-6
Let u(p) = -2*p + 96. Determine u(7).
82
Let r(j) = -j**3 + 22*j**2 + 33*j + 118. Calculate r(24).
-242
Let q(d) = 4*d**3 + 54*d**2 + 6*d - 259. Determine q(-13).
1
Let d(v) = v**2 + 61*v + 983. Determine d(-49).
395
Let c(j) = j**3 + 14*j**2 + 28*j - 90. Determine c(-5).
-5
Let u(j) = -8*j**2 + 388*j + 201. What is u(49)?
5
Let f(q) = -2*q**2 - 6*q + 35. Give f(-10).
-105
Let u(p) = 47*p + 1416. Determine u(-30).
6
Let r(t) = t**2 + 22*t + 111. Calculate r(-11).
-10
Let n(v) = -50*v - 230. Calculate n(-5).
20
Let i(t) = 3*t**3 + 104*t**2 + 163*t - 54. What is i(-33)?
12
Let f(w) = -w**3 + 133*w**2 - 124*w - 1162. Calculate f(132).
-106
Let z(v) = 27*v**2 + 194*v + 26. Calculate z(-7).
-9
Let w(s) = 485*s + 6783. Give w(-14).
-7
Let w(o) = -212*o - 1478. Calculate w(-7).
6
Let j(v) = 7418*v + 304129. What is j(-41)?
-9
Let x(m) = 4*m**2 + 50*m - 14. Determine x(-13).
12
Let f(o) = 2*o**2 + 109*o + 1379. What is f(-36)?
47
Let g(d) = -d**3 - 112*d**2 - 435*d - 337. Determine g(-108).
-13
Let u(x) = x**3 - 18*x**2 + 195*x - 2611. Determine u(16).
-3
Let v(j) = 626*j + 22543. Give v(-36).
7
Let p(i) = 4*i**2 + 8*i + 51. What is p(-8)?
243
Let x(m) = -35*m + 1392. Determine x(40).
-8
Let p(c) = -21*c - 588. Determine p(-43).
315
Let m(d) = 373*d + 15249. Determine m(-41).
-44
Let k(q) = 2*q**2 + 523*q - 5106. What is k(10)?
324
Let w(z) = -z**3 - 31*z**2 + z + 28. What is w(-31)?
-3
Let n(c) = 71*c + 4600. Give n(-65).
-15
Let t(h) = 2*h**3 + 102*h**2 - 558*h + 10. What is t(5)?
20
Let d(k) = 97*k + 399. What is d(-4)?
11
Let u(s) = s**3 - 28*s + 13. Give u(6).
61
Let k(i) = -173*i**2 + 2*i + 1. What is k(-1)?
-174
Let j(r) = -63*r + 111. Calculate j(3).
-78
Let g(k) = 4*k + 19. Determine g(9).
55
Let h(v) = 1221*v + 6110. Give h(-5).
5
Let s(d) = 32*d + 2515. Give s(-79).
-13
Let x(j) = -142*j**3 + 2*j**2 - 4*j + 3. What is x(1)?
-141
Let a(q) = 776*q - 65. Give a(-1).
-841
Let l(v) = -484*v + 7252. Give l(15).
-8
Let p(u) = u**3 + 36*u**2 + 390*u + 12425. Calculate p(-35).
0
Let b(g) = -g**2 - 252*g + 4856. What is b(-270)?
-4
Let d(n) = -n**2 + 14*n + 106. Give d(-10).
-134
Let l(m) = -2*m**2 + 36*m - 49. Give l(-8).
-465
Let f(h) = h**3 + 4*h**2 + 18*h - 23. Determine f(1).
0
Let b(r) = -234*r + 746. What is b(3)?
44
Let b(o) = -6*o**3 + 15*o**2 + 8*o - 19. Give b(3).
-22
Let q(i) = 1315*i + 10424. What is q(-8)?
-96
Let m(i) = -i**3 - 7*i**2 + 72*i + 96. Give m(-13).
174
Let n(u) = -u**3 - 16*u**2 - 2*u + 95. Determine n(-14).
-269
Let c(f) = f**3 + 15*f**2 + 5*f - 34. Determine c(-15).
-109
Let a(t) = 11*t**2 + 85*t. What is a(-8)?
24
Let d(p) = -p**2 - 8*p - 100. What is d(-23)?
-445
Let o(r) = -2*r**2 - 101*r + 299. Determine o(-56).
-317
Let p(l) = -8*l**2 + 129*l - 182. What is p(19)?
-619
Let o(f) = 856*f - 9415. Determine o(11).
1
Let x(w) = -4502*w + 1. Give x(0).
1
Let i(v) = v**3 + 29*v**2 - 107*v - 218. Determine i(-32).
134
Let q(n) = -n**3 + 26*n**2 - 33*n - 365. What is q(24)?
-5
Let p(w) = -w**3 - 34*w**2 - 71*w - 135. Determine p(-32).
89
Let k(j) = j - 277. Calculate k(28).
-249
Let l(x) = -10*x**3 - x**2 + 4*x + 4. What is l(-1)?
9
Let x(g) = 3*g**2 - 228*g - 515. Determine x(80).
445
Let y(q) = -11*q - 10. Give y(-12).
122
Let j(k) = -k**3 + 5*k**2 - 200*k + 781. Give j(4).
-3
Let o(x) = -15*x**2 + 81*x. What is o(5)?
30
Let l(p) = 4*p**2 + 59*p + 219. Calculate l(-5).
24
Let g(z) = 136*z + 19148. What is g(-141)?
-28
Let s(a) = 5*a**2 - 37*a - 3387. What is s(30)?
3
Let h(o) = 7*o + 288. Give h(-23).
127
Let d(t) = -3483*t + 52250. Give d(15).
5
Let g(m) = -4*m**2 + 8*m - 14. Calculate g(6).
-110
Let u(y) = -72*y - 234. What is u(-4)?
54
Let l(x) = x**2 - 48*x + 262. Calculate l(24).
-314
Let t(j) = -j**2 + 18*j + 128. Calculate t(-6).
-16
Let a(q) = -70*q + 12595. Give a(180).
-5
Let f(p) = -660*p + 120118. Give f(182).
-2
Let a(j) = -j**3 - 9*j**2 - 5*j - 10. Determine a(-9).
35
Let m(y) = -y**3 + 114*y**2 + 969*y + 857. Determine m(122).
3
Let t(q) = -69*q**2 + 286*q - 11. Calculate t(4).
29
Let l(k) = -k**3 - 37*k**2 + 234*k - 1026. Give l(-43).
6
Let i(d) = d**3 + 65*d**2 + d + 4420. Determine i(-66).
-2
Let s(q) = 6*q**2 + 399*q + 3104. What is s(-9)?
-1
Let v(t) = -6*t**2 - 261*t + 681. What is v(-46)?
-9
Let d(c) = -57*c**3 - c**2 - 8*c - 7. Calculate d(-1).
57
Let d(l) = -30*l + 721. Calculate d(33).
-269
Let b(t) = -11*t**3 + 2*t**2 - 19. What is b(-2)?
77
Let r(g) = -14*g**2 - 47*g + 123. Determine r(-5).
8
Let q(n) = -n**2 - 124*n - 2569. What is q(-26)?
-21
Let s(d) = -19*d**2 + 105*d + 417. Determine s(-4).
-307
Let n(j) = 2*j**3 + 35*j**2 - 41*j + 27. Give n(-19).
-277
Let b(o) = o**3 + 43*o**2 + 163*o + 287. What is b(-39)?
14
Let z(b) = -b**3 - 9*b**2 + 31*b - 17. Calculate z(-11).
-116
Let j(o) = 28*o - 264. Calculate j(12).
72
Let u(c) = 2*c**2 - 114*c + 924. Give u(47).
-16
Let f(d) = 3*d**2 - 27*d - 2. What is f(10)?
28
Let j(r) = -r**3 + 212*r**2 - 1245*r + 1857. Calculate j(206).
3
Let k(n) = -n**3 + 2*n**2 + 8*n - 19. What is k(-5)?
116
Let i(c) = -3*c**2 - 54*c - 235. What is i(-6)?
-19
Let c(i) = 3*i**2 + 20*i - 46. Give c(-11).
97
Let b(o) = o**3 + 31*o**2 + 85*o + 109. What is b(-27)?
730
Let w(f) = 127*f - 637. Determine w(5).
-2
Let j(f) = 3*f**2 + 198*f - 32. Give j(-66).
-32
Let b(s) = 3*s**3 - 9*s**2 - 9*s - 8. Calculate b(-3).
-143
Let p(o) = -o**3 + 9*o**2 - 9*o - 59. Calculate p(5).
-4
Let y(o) = 10*o**2 + 56*o + 7. Give y(-6).
31
Let l(x) = 759*x - 33390. What is l(44)?
6
Let g(x) = 8*x**2 - 402*x + 135. What is g(50)?
35
Let t(o) = 1325*o + 11922. What is t(-9)?
-3
Let l(g) = 14*g**3 + 3*g**2 + 3*g. Calculate l(-1).
-14
Let p(h) = 8*h**2 - 40*h - 153. Calculate p(-4).
135
Let a(g) = 53*g - 574. Determine a(9).
-97
Let g(l) = l**2 + 13*l - 38. What is g(-15)?
-8
Let h(g) = g**3 + 14*g**2 - 3*g - 71. Determine h(-14).
-29
Let c(a) = -a**2 - 7*a - 35. Give c(-10).
-65
Let v(q) = -6*q + 633. What is v(72)?
201
Let c(g) = -g**3 + 10*g**2 - 15*g + 135. What is c(10)?
-15
Let h(w) = -3*w**2 + 138*w + 28. What is h(45)?
163
Let w(f) = 7*f**3 - 181*f**2 - 23*f - 60. Give w(26).
18
Let b(o) = 2*o**3 + 151*o**2 + 69*o - 779. What is b(-75)?
-329
Let m(p) = p**2 - p - 302. Give m(1